*g**2 - 508*g - 1670. What is b(35)?
150
Let t(n) = n**3 - 49*n**2 - 122*n + 142. What is t(51)?
-878
Let y(a) = -42*a + 996. What is y(13)?
450
Let b(g) = 25528*g + 32. Calculate b(0).
32
Let n(y) = 95*y + 526. Determine n(-6).
-44
Let y(a) = -a**2 + 21*a + 127. What is y(41)?
-693
Let h(v) = v**3 + 93*v**2 + 1804*v - 1099. Determine h(-65).
-59
Let m(v) = v**3 - 23*v**2 - 23*v + 1385. Calculate m(21).
20
Let b(y) = 803*y + 767. Calculate b(0).
767
Let i(k) = -428*k + 549. What is i(2)?
-307
Let k(g) = -14*g**2 + 1551*g + 320. Calculate k(111).
-13
Let i(k) = 8742*k - 2849888. Give i(326).
4
Let h(v) = 101*v + 25883. Determine h(-255).
128
Let j(b) = -2752*b - 99070. Give j(-36).
2
Let y(v) = -4459*v - 396877. Calculate y(-89).
-26
Let z(u) = 2*u**2 - 236*u + 8721. Determine z(36).
2817
Let d(b) = 6*b**2 - 673*b + 17856. Give d(43).
11
Let s(r) = 487*r - 14090. Give s(20).
-4350
Let m(q) = 2*q**3 - 164*q**2 + 312*q + 581. Determine m(80).
-59
Let b(g) = -137*g**2 + 1801*g + 1572. Give b(14).
-66
Let v(z) = -32*z**3 + 26*z**2 + 6807*z + 47. What is v(15)?
2
Let t(g) = 93*g**3 - 566*g**2 - 11*g + 352. Determine t(6).
-2
Let o(u) = u**3 + 19*u**2 - 449*u + 455. Give o(-34).
-1619
Let t(r) = 128076*r + 1152656. Give t(-9).
-28
Let j(r) = r**3 + 78*r**2 + 910*r + 78158. Calculate j(-79).
27
Let g(n) = -6273*n + 6037. Determine g(1).
-236
Let g(d) = -155*d - 7787. Determine g(-42).
-1277
Let v(a) = 108*a**2 + 73443*a + 2279. Determine v(-680).
239
Let h(p) = 69*p**2 - 101*p + 14. Give h(-2).
492
Let x(s) = 11448*s - 7235135. Calculate x(632).
1
Let a(l) = 3*l**2 + 2131*l + 330163. Determine a(-482).
-7
Let t(q) = 4*q**2 + 3853*q + 53186. What is t(-14)?
28
Let n(z) = -3*z**3 - 2233*z**2 - 2964*z + 5953. Determine n(-743).
9
Let q(z) = 18*z**2 + 450*z + 2660. What is q(-6)?
608
Let c(h) = 10*h**3 - 1848*h**2 - 376*h + 1272. Calculate c(185).
162
Let r(v) = 13213*v + 52896. Calculate r(-4).
44
Let q(x) = -3*x**3 - 339*x**2 - 643*x + 2567. Calculate q(-111).
14
Let v(a) = 288*a**3 + 2303*a**2 - 32*a - 175. What is v(-8)?
17
Let l(u) = -27200*u + 27200. Determine l(1).
0
Let s(y) = 11*y**3 + 429*y**2 + y + 25. What is s(-39)?
-14
Let k(a) = -226*a**3 - 67576*a**2 - 593*a + 1491. Determine k(-299).
-4
Let t(z) = 104534*z - 418164. What is t(4)?
-28
Let c(g) = 2*g**3 + 140*g**2 + 1386*g - 58. Determine c(-12).
14
Let w(u) = -7*u**3 + 30*u**2 + 18*u - 116. Give w(5).
-151
Let n(j) = 27401*j + 411015. Calculate n(-15).
0
Let u(l) = -2*l**2 - 154*l - 2967. Determine u(-16).
-1015
Let t(k) = -k**3 + 92*k**2 - 1118*k - 551. What is t(15)?
4
Let s(y) = 4*y**3 + 8*y**2 + 77*y + 128. What is s(-2)?
-26
Let n(k) = 10023*k - 51353. What is n(5)?
-1238
Let o(q) = -38191*q - 38191. Determine o(-1).
0
Let o(q) = -147*q**3 - 590*q**2 + 179*q + 728. Calculate o(-4).
-20
Let a(j) = 2489*j + 44968. Calculate a(-18).
166
Let u(n) = -49343*n + 98678. What is u(2)?
-8
Let s(z) = -74714*z - 74714. Calculate s(-1).
0
Let c(g) = -1680*g + 275520. Determine c(164).
0
Let r(o) = -29246*o + 438620. Give r(15).
-70
Let x(z) = -50157*z - 50334. Give x(-1).
-177
Let o(a) = -10880*a - 12065882. Give o(-1109).
38
Let r(z) = -5077*z - 96456. Give r(-19).
7
Let m(s) = -1696*s**2 + 227266*s - 278. Calculate m(134).
-10
Let h(x) = -291*x**2 + 1152*x + 60. Determine h(4).
12
Let z(l) = 4*l**3 + 2*l**2 - 68*l + 798. Give z(-7).
0
Let h(o) = 117*o - 12754. Calculate h(111).
233
Let j(u) = 13568*u - 230639. What is j(17)?
17
Let q(l) = l**2 + 1571556*l + 25144635. Give q(-16).
-5
Let w(h) = 2*h**3 + 140*h**2 + 1221*h + 74745. Determine w(-69).
18
Let y(u) = -2*u**2 + 433*u + 17106. Give y(-34).
72
Let r(i) = -3*i**3 + 10291*i**2 - 184262*i - 68. Calculate r(18).
4
Let f(h) = 6*h**2 - 1901*h - 15579. Give f(-8).
13
Let t(q) = q**3 + 52*q**2 - 393*q - 383. Give t(-59).
-1563
Let w(z) = -z**3 + 573*z**2 - 1592*z - 67246. What is w(570)?
14
Let f(o) = -1734973*o + 137062869. Give f(79).
2
Let a(n) = -46944*n + 281732. What is a(6)?
68
Let x(g) = -5*g**3 + 42*g**2 + 5*g - 160. Give x(8).
8
Let p(x) = -x**3 + 152*x**2 - 2293*x - 234. What is p(135)?
36
Let h(d) = -8548*d + 8515. Determine h(1).
-33
Let s(f) = 6264*f + 31761. What is s(-5)?
441
Let l(i) = 2*i**2 + 735*i + 65867. Calculate l(-212).
-65
Let s(q) = -2378*q**2 + 85608*q + 1. Give s(36).
1
Let c(h) = h**2 + 4448*h - 17796. Calculate c(4).
12
Let j(i) = 3*i**3 + 35*i**2 + 3825*i + 46049. What is j(-12)?
5
Let f(z) = z**3 + 18*z**2 - 58*z - 73. Determine f(-20).
287
Let z(b) = -11*b**2 - 1202*b - 3074. Calculate z(-106).
742
Let n(l) = -20122*l - 1126763. What is n(-56)?
69
Let o(d) = -5*d**2 - 1058*d - 4969. Calculate o(-212).
-5393
Let f(t) = 2*t**3 + 140*t**2 + 2394*t + 264. What is f(-41)?
-392
Let c(d) = 45567*d - 4511136. Give c(99).
-3
Let p(c) = 16*c**3 + 395*c**2 - 47*c + 160. Calculate p(-24).
7624
Let q(s) = -1293*s - 8889. Determine q(-7).
162
Let k(s) = s**3 - 462*s**2 - 452*s - 5069. Determine k(463).
24
Let x(w) = 49*w**3 + 3843*w**2 - 11976*w + 13. Determine x(3).
-5
Let t(o) = -22161*o + 243777. What is t(11)?
6
Let n(q) = 18339*q + 2604069. Give n(-142).
-69
Let g(f) = 5*f**2 - 1365*f - 3990. Calculate g(276).
150
Let j(f) = 2109*f**2 + 632702*f + 573. Determine j(-300).
-27
Let g(j) = 10*j**2 - 738*j + 11725. Determine g(23).
41
Let a(k) = -2*k**3 + 76*k**2 - 34021*k + 1292820. Give a(38).
22
Let p(n) = 26039*n - 781120. Give p(30).
50
Let k(u) = -229015*u - 1145075. What is k(-5)?
0
Let g(z) = -z**3 + 192*z**2 - 1600*z + 385705. Give g(194).
33
Let b(w) = 77*w**2 - 2384*w - 21. Give b(31).
72
Let o(z) = 4*z**3 + 306*z**2 + 141*z + 264. Calculate o(-76).
1100
Let d(j) = -2080*j + 969292. Determine d(466).
12
Let x(l) = 31*l**2 + 448*l + 16. Determine x(-2).
-756
Let c(s) = -5*s**3 + 317*s**2 - 127*s + 314. Give c(63).
251
Let w(m) = 75*m + 9796. Give w(-146).
-1154
Let s(h) = 69*h**3 - 276*h**2 + 46*h - 80. What is s(4)?
104
Let p(w) = -19903*w - 1771463. What is p(-89)?
-96
Let w(g) = g**2 + 1158*g - 17587. Calculate w(15).
8
Let g(l) = -20*l**2 - 266*l - 4. Calculate g(-10).
656
Let u(s) = 2*s**3 - 86*s**2 + 666*s - 10855. Determine u(38).
13
Let f(q) = 63578*q + 1080779. Give f(-17).
-47
Let k(u) = -15035*u - 300692. Give k(-20).
8
Let w(i) = -3*i**2 + 6537*i - 39161. What is w(6)?
-47
Let t(d) = 12*d**2 + 112*d - 118. Calculate t(-12).
266
Let g(x) = -7*x**2 - 28*x - 94. What is g(-9)?
-409
Let x(h) = -h**3 - 39*h**2 + 50*h - 8. Give x(1).
2
Let h(u) = 6*u**2 - 418*u - 277. What is h(72)?
731
Let y(w) = 10*w**2 - 19824*w - 139263. Calculate y(-7).
-5
Let m(b) = -b**3 + 121*b**2 - 531*b + 278. What is m(4)?
26
Let v(r) = r**3 + 54*r**2 - 341*r - 15730. Determine v(-55).
0
Let j(m) = -3542*m + 9774. What is j(3)?
-852
Let a(t) = t**3 + 11*t**2 - 37232*t - 372437. Give a(-10).
-17
Let m(l) = l**3 + 211*l**2 - 442*l - 3383. Calculate m(-213).
25
Let y(z) = 937*z - 30048. Determine y(32).
-64
Let s(u) = u**3 - 13*u**2 + 138*u - 1245. What is s(11)?
31
Let g(s) = 2*s**3 - 23*s**2 - 807*s + 9529. Determine g(12).
-11
Let f(g) = -142937*g + 1715137. Calculate f(12).
-107
Let m(k) = 246*k**2 - 83*k - 328. What is m(-3)?
2135
Let y(x) = -5*x**2 + 1702*x + 22889. Give y(-13).
-82
Let m(f) = -5*f**2 - 257*f + 6623. Give m(-71).
-335
Let b(s) = 4*s**2 + 1410*s + 8372. What is b(-6)?
56
Let k(q) = -372*q + 12653. Calculate k(34).
5
Let a(d) = 45*d**2 - 231*d - 26. Give a(5).
-56
Let t(w) = w**3 + 490*w**2 + 31809*w + 3292. Calculate t(-413).
-12
Let b(v) = -44*v + 8484. Give b(194).
-52
Let h(l) = l**2 + 1015*l - 3054. Give h(3).
0
Let o(p) = -p**3 - 42*p**2 + 18*p + 4980. Give o(-39).
-285
Let j(g) = 282616*g - 8195876. Calculate j(29).
-12
Let q(n) = 47981*n + 1007657. Determine q(-21).
56
Let l(x) = 3*x**3 - 199*x**2 - 2464*x + 235. Calculate l(77).
235
Let h(z) = z**3 + 19*z**2 - 15*z - 60. What is h(-13)?
1149
Let l(s) = 15*s**2 - 1006*s - 6151. What is l(-6)?
425
Let k(j) = 7789*j + 77611. Calculate k(-10).
-279
Let k(j) = j**3 + 31*j**2 + 140*j + 82. What is k(-22)?
1358
Let x(o) = o**3 + 1396*o**2 - 8425*o + 75. Give x(6).
-3
Let u(m) = -13364*m + 1790771. Give u(134).
-5
Let p(j) = 12*j**2 + 57*j - 77. Calculate p(1).
-8
Let j(q) = -8193*q + 148295. Calculate j(18).
821
Let b(x) = -2*x**2 - 122*x + 4022. Calculate b(